{"id":491,"date":"2026-02-21T16:28:31","date_gmt":"2026-02-21T15:28:31","guid":{"rendered":"https:\/\/sapora.be\/?post_type=product&#038;p=491"},"modified":"2026-02-21T16:33:16","modified_gmt":"2026-02-21T15:33:16","slug":"crema-di-pistacchio-200g","status":"publish","type":"product","link":"https:\/\/sapora.be\/index.php\/produit\/crema-di-pistacchio-200g\/","title":{"rendered":"Crema di pistacchio &#8211; 200G"},"content":{"rendered":"<p data-path-to-node=\"4\">Notre Cr\u00e8me de Pistache est \u00e9labor\u00e9e \u00e0 partir de pistaches de qualit\u00e9 sup\u00e9rieure, s\u00e9lectionn\u00e9es et torr\u00e9fi\u00e9es avec soin selon un savoir-faire italien traditionnel. Sa texture soyeuse et son go\u00fbt profond r\u00e9v\u00e8lent une puissance aromatique naturelle, o\u00f9 le fruit s\u2019exprime pleinement sans exc\u00e8s de sucre ni huiles v\u00e9g\u00e9tales de basse qualit\u00e9. Pr\u00e9par\u00e9e en petites quantit\u00e9s afin de garantir une onctuosit\u00e9 parfaite et une fra\u00eecheur absolue, cette cr\u00e8me apporte une touche de raffinement discret \u00e0 chaque d\u00e9gustation.<\/p>\n<p data-path-to-node=\"5\"><b data-path-to-node=\"5\" data-index-in-node=\"0\">Id\u00e9ale pour :<\/b><\/p>\n<ul data-path-to-node=\"6\">\n<li>\n<p data-path-to-node=\"6,0,0\">Tartines gourmandes et petits-d\u00e9jeuners raffin\u00e9s<\/p>\n<\/li>\n<li>\n<p data-path-to-node=\"6,1,0\">Accompagnement de Panettones, cr\u00eapes ou gaufres<\/p>\n<\/li>\n<li>\n<p data-path-to-node=\"6,2,0\">C\u0153ur fondant pour p\u00e2tisseries et desserts faits maison<\/p>\n<\/li>\n<li>\n<p data-path-to-node=\"6,3,0\">D\u00e9gustation pure, \u00e0 la petite cuill\u00e8re, pour les connaisseurs<\/p>\n<\/li>\n<\/ul>\n<p data-path-to-node=\"7\"><b data-path-to-node=\"7\" data-index-in-node=\"0\">Caract\u00e9ristiques :<\/b><\/p>\n<ul data-path-to-node=\"8\">\n<li>\n<p data-path-to-node=\"8,0,0\"><b data-path-to-node=\"8,0,0\" data-index-in-node=\"0\">Origine :<\/b> Italie<\/p>\n<\/li>\n<li>\n<p data-path-to-node=\"8,1,0\"><b data-path-to-node=\"8,1,0\" data-index-in-node=\"0\">Ingr\u00e9dients :<\/b> Pistaches , sucre, huiles v\u00e9g\u00e9tales nobles (peut contenir des traces d\u2019autres fruits \u00e0 coque et de lait)<\/p>\n<\/li>\n<li>\n<p data-path-to-node=\"8,2,0\"><b data-path-to-node=\"8,2,0\" data-index-in-node=\"0\">Poids :<\/b> 200 g<\/p>\n<\/li>\n<li>\n<p data-path-to-node=\"8,3,0\"><b data-path-to-node=\"8,3,0\" data-index-in-node=\"0\">Fabrication :<\/b> Artisanale<\/p>\n<\/li>\n<\/ul>\n","protected":false},"excerpt":{"rendered":"<p>Cr\u00e8me de pistache artisanale italienne, onctueuse et intens\u00e9ment parfum\u00e9e. Un tr\u00e9sor de gourmandise, pur et authentique, id\u00e9al pour sublimer vos instants sucr\u00e9s ou vos cr\u00e9ations p\u00e2tissi\u00e8res.<\/p>\n","protected":false},"featured_media":492,"comment_status":"open","ping_status":"closed","template":"","meta":{"_kadence_starter_templates_imported_post":false,"_kad_post_transparent":"default","_kad_post_title":"","_kad_post_layout":"default","_kad_post_sidebar_id":"","_kad_post_content_style":"default","_kad_post_vertical_padding":"default","_kad_post_feature":"","_kad_post_feature_position":"","_kad_post_header":false,"_kad_post_footer":false},"product_brand":[],"product_cat":[26],"product_tag":[],"class_list":{"0":"post-491","1":"product","2":"type-product","3":"status-publish","4":"has-post-thumbnail","6":"product_cat-cremes-condiments","8":"first","9":"instock","10":"taxable","11":"shipping-taxable","12":"purchasable","13":"product-type-simple","14":"entry","15":"content-bg","16":"loop-entry"},"_links":{"self":[{"href":"https:\/\/sapora.be\/index.php\/wp-json\/wp\/v2\/product\/491","targetHints":{"allow":["GET"]}}],"collection":[{"href":"https:\/\/sapora.be\/index.php\/wp-json\/wp\/v2\/product"}],"about":[{"href":"https:\/\/sapora.be\/index.php\/wp-json\/wp\/v2\/types\/product"}],"replies":[{"embeddable":true,"href":"https:\/\/sapora.be\/index.php\/wp-json\/wp\/v2\/comments?post=491"}],"wp:featuredmedia":[{"embeddable":true,"href":"https:\/\/sapora.be\/index.php\/wp-json\/wp\/v2\/media\/492"}],"wp:attachment":[{"href":"https:\/\/sapora.be\/index.php\/wp-json\/wp\/v2\/media?parent=491"}],"wp:term":[{"taxonomy":"product_brand","embeddable":true,"href":"https:\/\/sapora.be\/index.php\/wp-json\/wp\/v2\/product_brand?post=491"},{"taxonomy":"product_cat","embeddable":true,"href":"https:\/\/sapora.be\/index.php\/wp-json\/wp\/v2\/product_cat?post=491"},{"taxonomy":"product_tag","embeddable":true,"href":"https:\/\/sapora.be\/index.php\/wp-json\/wp\/v2\/product_tag?post=491"}],"curies":[{"name":"wp","href":"https:\/\/api.w.org\/{rel}","templated":true}]}}