{"id":10,"date":"2025-06-07T15:30:44","date_gmt":"2025-06-07T13:30:44","guid":{"rendered":"http:\/\/sapora.be\/?page_id=10"},"modified":"2025-12-20T14:49:08","modified_gmt":"2025-12-20T13:49:08","slug":"contact","status":"publish","type":"page","link":"https:\/\/sapora.be\/index.php\/contact\/","title":{"rendered":"Contact"},"content":{"rendered":"\n<h1 class=\"wp-block-heading\"><strong>Contactez Sapora<\/strong><\/h1>\n\n\n\n<p>Nous serons ravis de r\u00e9pondre \u00e0 vos questions et de vous accompagner dans vos commandes.<br>Sapora met un point d\u2019honneur \u00e0 rester proche de ses clients et \u00e0 offrir un service simple, rapide et professionnel.<\/p>\n\n\n\n<p>\ud83d\udcde <strong>Coordonn\u00e9es<\/strong><\/p>\n\n\n\n<p>T\u00e9l\u00e9phone : +32 496 44 41 89<br>Du lundi au vendredi, de 9h \u00e0 18h<\/p>\n\n\n\n<p>Email : contact@sapora.be<\/p>\n\n\n\n<p>\ud83d\udce6 <strong>Commandes<\/strong><\/p>\n\n\n\n<p>Passez votre commande en quelques clics via notre <a href=\"https:\/\/sapora.be\/index.php\/boutique\/\" data-type=\"page\" data-id=\"292\">boutique<\/a> ou par <a href=\"https:\/\/api.whatsapp.com\/send\/?phone=32496444189&amp;text=Bonjour+Sapora%2C+je+souhaite+obtenir+plus+d%E2%80%99informations+sur+vos+produits+et+votre+catalogue.&amp;type=phone_number&amp;app_absent=0\" data-type=\"link\" data-id=\"https:\/\/api.whatsapp.com\/send\/?phone=32496444189&amp;text=Bonjour+Sapora%2C+je+souhaite+obtenir+plus+d%E2%80%99informations+sur+vos+produits+et+votre+catalogue.&amp;type=phone_number&amp;app_absent=0\">message priv\u00e9<\/a>.<br>Un email de confirmation vous sera envoy\u00e9 apr\u00e8s validation et selon la disponibilit\u00e9 des produits.<\/p>\n\n\n\n<p>Livraison : forfait unique de 5 \u20ac (offerte d\u00e8s 100 \u20ac d\u2019achat), partout en Wallonie sous 7 \u00e0 15 jours ouvrables.<\/p>\n\n\n\n<p>Retrait : disponible chez nous sous 2 \u00e0 7 jours ouvrables.<\/p>\n\n\n\n<p>\ud83c\udf10 <strong>Suivez-nous<\/strong><\/p>\n\n\n\n<p>WhatsApp : Discuter avec nous<\/p>\n\n\n\n<p>Facebook : <a href=\"https:\/\/www.facebook.com\/profile.php?id=61583254347793\" data-type=\"link\" data-id=\"https:\/\/www.facebook.com\/profile.php?id=61583254347793\">Rejoignez-nous pour rester connect\u00e9s et nous soutenir.<\/a><\/p>\n\n\n\n<p>\u2728 <strong><em>Le go\u00fbt pur, l\u2019artisanat italien.<\/em><\/strong><\/p>\n\n\n\n<p><\/p>\n","protected":false},"excerpt":{"rendered":"<p>Contactez Sapora Nous serons ravis de r\u00e9pondre \u00e0 vos questions et de vous accompagner dans vos commandes.Sapora met un point d\u2019honneur \u00e0 rester proche de ses clients et \u00e0 offrir un service simple, rapide et professionnel. \ud83d\udcde Coordonn\u00e9es T\u00e9l\u00e9phone : +32 496 44 41 89Du lundi au vendredi, de 9h \u00e0 18h Email : contact@sapora.be&#8230;<\/p>\n","protected":false},"author":1,"featured_media":5,"parent":0,"menu_order":0,"comment_status":"closed","ping_status":"closed","template":"","meta":{"_kadence_starter_templates_imported_post":false,"_kad_post_transparent":"","_kad_post_title":"","_kad_post_layout":"","_kad_post_sidebar_id":"","_kad_post_content_style":"","_kad_post_vertical_padding":"","_kad_post_feature":"","_kad_post_feature_position":"","_kad_post_header":false,"_kad_post_footer":false,"footnotes":""},"class_list":["post-10","page","type-page","status-publish","has-post-thumbnail","hentry"],"_links":{"self":[{"href":"https:\/\/sapora.be\/index.php\/wp-json\/wp\/v2\/pages\/10","targetHints":{"allow":["GET"]}}],"collection":[{"href":"https:\/\/sapora.be\/index.php\/wp-json\/wp\/v2\/pages"}],"about":[{"href":"https:\/\/sapora.be\/index.php\/wp-json\/wp\/v2\/types\/page"}],"author":[{"embeddable":true,"href":"https:\/\/sapora.be\/index.php\/wp-json\/wp\/v2\/users\/1"}],"replies":[{"embeddable":true,"href":"https:\/\/sapora.be\/index.php\/wp-json\/wp\/v2\/comments?post=10"}],"version-history":[{"count":12,"href":"https:\/\/sapora.be\/index.php\/wp-json\/wp\/v2\/pages\/10\/revisions"}],"predecessor-version":[{"id":409,"href":"https:\/\/sapora.be\/index.php\/wp-json\/wp\/v2\/pages\/10\/revisions\/409"}],"wp:featuredmedia":[{"embeddable":true,"href":"https:\/\/sapora.be\/index.php\/wp-json\/wp\/v2\/media\/5"}],"wp:attachment":[{"href":"https:\/\/sapora.be\/index.php\/wp-json\/wp\/v2\/media?parent=10"}],"curies":[{"name":"wp","href":"https:\/\/api.w.org\/{rel}","templated":true}]}}